+ 1. Let t(k) = g(k) + 4*x(k). Let v be t(8). Let b(i) = i**2 + 7*i - 1. What is the units digit of b(v)?
7
Let x = -2 + 8. Suppose -x*q + 755 + 751 = 0. What is the units digit of q?
1
Suppose -9*w = -6*w + 6. What is the tens digit of (-29 + 0)/(1/w)?
5
What is the units digit of (-33865)/(-35) + (8 - (-106)/(-14))?
8
Suppose -c = -4*b + 141, -3*b + 3 = -2*c - 109. What is the units digit of b?
4
Let m = -891 - -1646. What is the tens digit of m?
5
Let o(b) = -b**3 - 8*b**2 - 4*b - 2. Let v be o(-9). Suppose -2*f + 7*f - v = 0. Suppose 0 = -5*i + f - 8. What is the units digit of i?
3
What is the tens digit of 18/15*44/(-6)*-75?
6
Let h = -9 + 14. Suppose -h*n + 5 = 2*l, n - 5 = 2*l - 4*n. Let f = 10 - l. What is the units digit of f?
0
Let i(h) = 7 + 10*h - 2 - 6. What is the tens digit of i(5)?
4
Suppose -p - 5*j + 1270 = 4*p, 0 = 4*p - 3*j - 1037. What is the units digit of p?
7
What is the tens digit of -1426*3/12*-2 + -2?
1
Suppose 0 = o - l - 7, 3*o + 5*l = 6*l + 17. Suppose 0*v + 2*b + 1018 = o*v, -v - 2*b = -206. What is the hundreds digit of v?
2
Let o(c) = -4 + 122*c**2 + 0 + 4*c + 2*c**2. What is the units digit of o(1)?
4
Let n be (-6)/(1/(4/(-6))). Suppose 0 = -n*t - 0*t - 4*i + 12, 5*i + 9 = t. Suppose -z = -t*z - 5*o + 196, 0 = -z - 5*o + 72. What is the units digit of z?
2
Suppose -3*p - 9 = 0, 3*p - 2 + 1 = -2*o. Let j = o + -1. What is the units digit of j - (-2 - 0 - 4)?
0
What is the hundreds digit of 7/(21/4) + (-452)/(-3)?
1
Let i = -53 - -47. What is the units digit of (-486)/(-4) - i/12?
2
Let n = 12 + -8. Suppose 6*v = n*v + 28. Let q = 2 + v. What is the tens digit of q?
1
Suppose -231 = -i + 8*i. Let t = i - -144. What is the hundreds digit of t?
1
Let h(y) = y**3 + 19*y**2 - 2*y + 19. Let t(c) = c**3 + 17*c**2 + c - 2. Let f be t(-17). What is the units digit of h(f)?
7
Suppose -5*t - 206 = -4*l, 2*l - 104 = -0*t + 2*t. What is the units digit of (-2325)/(-135) - 3/(l/4)?
7
Let w = 11 - 8. Suppose -2*x - w*x = -210. Suppose 5*m - x = 3*m. What is the units digit of m?
1
What is the tens digit of (-10)/15*-12 - -3206?
1
What is the units digit of (-4)/(-14) - (-63480)/84?
6
Let b be 36/45*(-1 + 6/(-4)). Let g(d) = 4*d**2 - 4*d. What is the tens digit of g(b)?
2
Let s = -5 - -2. Suppose -5*z + q - 2 = -3*q, 5*q = 4*z - 2. What is the units digit of -1 - (3/s + z)?
2
Let f be (1/(-4))/((-15)/660). Suppose -s + f = -93. What is the tens digit of s?
0
Let t be (-4)/7 + (-117)/(-21). Suppose -4 = -4*i - j, 16 = j - t*j. What is the tens digit of 41 + 1/(-2)*i?
4
What is the tens digit of ((-786)/(-3))/(0 - -2 - 0)?
3
What is the tens digit of (21248/(-48))/((-5)/((-30)/(-4)))?
6
Let r(u) = 29*u + 196. What is the tens digit of r(0)?
9
Let y be ((-42)/(-35))/(1/10). Let k = y - -53. What is the tens digit of k?
6
Let v(g) = -2*g**3 - 3*g**2 - g + 2. Let w be v(-2). Suppose -3*n + 390 = -4*y, 0 = -4*y + w*y. What is the units digit of n?
0
Suppose 0 = -11*y - 597 - 349. Let z = 265 + y. What is the units digit of z?
9
Let g(z) = z**3 + 5*z**2 + 11*z + 27. Let q be g(-6). Let b = 200 - q. What is the hundreds digit of b?
2
Let p = -17 + 18. Let f be 172 - (p + -4 + 1). Suppose 4*d + 5*z = 94 + f, -5*d = 4*z - 344. What is the units digit of d?
2
Let m = 1619 - 882. What is the units digit of m?
7
Suppose -5*n - 2124 = 6*g - 8*g, -5*n = 3*g - 3236. What is the tens digit of g?
7
Let s(m) = -m**3 - 31*m**2 + 44*m + 18. What is the tens digit of s(-33)?
4
Suppose -y = 3*y - 8. Let o(j) be the third derivative of j**6/120 - j**4/12 + j**3/6 + j**2. What is the units digit of o(y)?
5
What is the hundreds digit of -1 + 21/28 - 4305/(-4)?
0
Let n = -24 + -18. Let p = 62 - n. What is the hundreds digit of p?
1
Let f be 2/(4*(-1)/(-18)). Let v(i) = i**3 + 2*i - 12*i - 2 - 9*i**2 + 11*i. What is the units digit of v(f)?
7
Suppose 0 = 4*v - s - 420, -2*v + 2*s - 9 = -219. What is the tens digit of ((-30)/9 - -4)*v/2?
3
Suppose -54*p = -9*p - 4365. What is the tens digit of p?
9
Let f(v) = -v**3 - 7*v**2 - v - 6. Let m be f(-7). Let l be m + (3 + 1)/1. Suppose l*a - 178 = 4*d, 3*a + 2*d = 68 + 30. What is the tens digit of a?
3
Let v = 502 - 176. Suppose -q = -3*i - 177, -i + v = -3*q + 5*q. What is the hundreds digit of q?
1
Suppose -5*i + 14 - 9 = 0. What is the tens digit of (-66)/(-18)*(-1)/(i/(-63))?
3
Suppose -3*s - 60 = 51. What is the units digit of -3 + (s/3)/((-7)/147)?
6
Let i(d) be the third derivative of d**6/120 + d**5/12 - d**4/6 + 7*d**3/3 + 8*d**2. Let c be i(-6). Suppose 15 = c*j - 21. What is the units digit of j?
8
Suppose f = -5*h + 96, 4*f - 2*f - 180 = 2*h. Let t be (9 + f)*6/8. Suppose -4*v + 211 - t = 0. What is the tens digit of v?
3
Suppose 76*b = 65*b + 42163. What is the tens digit of b?
3
What is the tens digit of (-12)/(-1 - -5) + 152 + 5?
5
Suppose 5*h + 4*f + f - 21850 = 0, -13102 = -3*h - 5*f. What is the hundreds digit of h?
3
Suppose 0 = -1812*q + 1808*q + 2384. What is the tens digit of q?
9
Suppose 2*x + 39 = -5*m, 22*m - 39 = 25*m - 4*x. Suppose -w + 2*z = 1 + 2, -z + 15 = -5*w. What is the units digit of 2 - w/(m/(-120))?
2
Let h be 0 + ((-24)/(-8))/(3/2). Suppose 4*m + 4*g - 16 = -0*m, 3*m = 4*g + 5. Suppose -4*z + 0*a = -h*a - 108, -2*z + m*a = -46. What is the tens digit of z?
2
Let t(u) be the third derivative of -u**4/8 - 5*u**3/6 - 3*u**2. Let a be (-1)/(-6) + (-833)/102. What is the tens digit of t(a)?
1
Let s be 2 + -3 - 2 - -6. Let g = 0 + s. What is the units digit of -6 + g + 2 - -65?
4
Suppose 29*k - 26300 = 9*k. What is the tens digit of k?
1
Let z = 69 - 8. What is the tens digit of z?
6
Let s(r) = 10*r**2 - r + 18. What is the tens digit of s(4)?
7
Let o(r) = r**3 - 2*r**2 - r + 6. Let b be o(6). Suppose 0 = h - 7*h - b. Let k = 1 - h. What is the units digit of k?
5
Let o = -55 - -562. What is the hundreds digit of o?
5
Suppose -5*z + 900 = 5*q, 0*q + 3*z + 188 = q. What is the units digit of q/((5 - 3) + 0)?
1
Suppose -3*o - 61 = 3*f + 2*f, 3*o + f + 41 = 0. Let y = 1 + o. Let g(h) = -h**2 - 9*h + 23. What is the units digit of g(y)?
1
Let j be 209 - (-90)/9*(-4)/(-10). Let y = -124 + j. What is the units digit of y?
9
Let n be 8/14 - 4/7. Suppose 4*j - 5*w = 133, 2*j = 5*w + 1 + 68. Suppose -3*c + 7*c - j = n. What is the units digit of c?
8
Suppose -2*m + 3 - 17 = 0. Let o = 0 - m. Suppose o*z = 8*z - 19. What is the units digit of z?
9
Let c(x) = 28*x**3 + x**2 - 2*x + 3. What is the tens digit of c(3)?
6
Suppose -j - 2500 = -4*w, 6*w = 11*w - 2*j - 3128. What is the tens digit of w?
2
Suppose 0*z + 253 = 5*u + 4*z, -2*z - 143 = -3*u. Let p = u + 19. What is the units digit of p?
8
Let c be (-1 - -2)*(4 - -4). Suppose 3*z = z + c. Suppose -3*v = -4*i + 82, i - z*i - 5*v + 76 = 0. What is the tens digit of i?
2
Let w = 296 - -55. What is the units digit of w?
1
Suppose -2*z = -5*a + 164, -5*z - 317 = -4*a + 93. Let g = z + 139. What is the tens digit of g?
5
Suppose -77 - 88 = -5*o. What is the tens digit of 2420/o + (-2)/6?
7
Let h(g) = -5*g**2 + 230*g + 68. What is the units digit of h(46)?
8
Let k = -4 - -1. Let y be 1/(((-9)/6)/k). Suppose 2*l + 2*l - 51 = 3*f, y*l + 5*f = 19. What is the units digit of l?
2
Suppose -89*p = -91*p + 16. Suppose -p*w + 2*w + 1026 = 0. What is the hundreds digit of w?
1
Let j = 38 + -30. Let g(o) = -o**2 + 15*o - 6. What is the units digit of g(j)?
0
Suppose -2*m - 572 = -2*p - m, 3*m + 1429 = 5*p. Suppose -o = 2*d - p, -4*d + o + 577 = 6*o. Let f = -79 + d. What is the units digit of f?
4
Suppose -4*b - 2*d + 32 = 0, 5*b = 4*d + d + 10. Suppose 114 = b*f - 54. What is the units digit of f?
8
Suppose 3*d + 22 = 289. Suppose 0 = l + 20 + 36. Let t = d + l. What is the units digit of t?
3
What is the tens digit of (11 - -13)*311/4?
6
Let b = -95 - -302. Suppose 3*m + 0*m = b. What is the tens digit of m?
6
Let i be (-7 + 5)*(-6)/4. Suppose 562 = 4*k + i*n, 3*k - 4*n - 131 = 2*k. What is the units digit of k?
9
Let k(o) = 250*o**2 + 4*o - 5. What is the tens digit of k(1)?
4
Let b(t) = 4*t + 10. Suppose 9*h = 4*h - 40. Let c be b(h). Let y = c - -44. What is the tens digit of y?
2
Suppose 0 = -2*i + 3*w + 1050, i + 13*w = 14*w + 527. What is the hundreds digit of i?
5
Let l be -4 - -158 - (-4)/1. Let n = l - 95. What is the units digit of n